divided by m(p)?
0
Suppose -1 = -4*l + 7. Calculate the remainder when 3 is divided by l.
1
Suppose -4*f = -16 - 32. Suppose 0 = -2*u - 4*q + 74, q - 4 = -3. What is the remainder when u is divided by f?
11
Let m(d) = 2*d**3 + d**2 - 2*d - 3. Let v(r) be the second derivative of r**3/6 + r**2/2 - r. Calculate the remainder when m(2) is divided by v(6).
6
Let s(v) = 52*v + 7. Calculate the remainder when s(1) is divided by 30.
29
Let o(d) be the third derivative of -d**6/120 + 7*d**5/30 - d**4/3 - d**3/2 - d**2. Calculate the remainder when o(13) is divided by 13.
10
Let a be 5*(-27)/15*-2. Suppose 5*n - 7 = a. Calculate the remainder when 9 is divided by n.
4
Suppose 0 = -7*n - 36 + 113. What is the remainder when n is divided by 7?
4
What is the remainder when 47 is divided by 9/((-9)/2) - -14?
11
Let h = 7 + -10. Let f(l) = l**2 - l. Let t(q) = -3*q**2 + 3*q + 3. Let m(u) = 2*f(u) - t(u). What is the remainder when m(h) is divided by 15?
12
Let g = 4 - 2. Suppose -w + 12 = g*w. Calculate the remainder when (0 + 38/w)*2 is divided by 7.
5
Suppose -i + 19 = 3*b, -b = 5*i + b - 30. Let p(o) = o**2 + 5*o + 2. What is the remainder when i is divided by p(-5)?
0
Let d = 19 + -10. Let c = d + -1. Calculate the remainder when 14 is divided by c.
6
Suppose -115*n = -114*n - 18. What is the remainder when n is divided by 5?
3
Suppose 3*y - 1 = -4*f + 6, -2*y - 2*f + 6 = 0. What is the remainder when -3*14/(-3)*1 is divided by y?
4
Let f = -49 + 81. What is the remainder when f is divided by 17?
15
Let r = -72 - -79. Calculate the remainder when 53 is divided by r.
4
Suppose -o = -0*o - 33. Let r(z) = -z**3 + z**2 + 2. Let n be r(0). Suppose n*p + p - o = 0. What is the remainder when 20 is divided by p?
9
Let f = -8 - -6. Let q = -3 + f. Calculate the remainder when 7 is divided by 2/q - 48/(-20).
1
Suppose 52 = 5*q - 213. Let p = q - 38. Suppose -3*y = y - 32. Calculate the remainder when p is divided by y.
7
Suppose 188 = -4*s + 1072. Suppose s = 4*h + 37. What is the remainder when h is divided by 12?
10
Suppose 4*y - 79 = x, 3*y = -2*x + 17 + 34. Calculate the remainder when y is divided by 6.
1
Let a = -5 - -6. What is the remainder when a is divided by 1?
0
Suppose -2*x + 6*x = 2*q - 28, 23 = 2*q - 3*x. Suppose -48 = -q*b + b. What is the remainder when b is divided by 6?
4
Suppose -271 = -3*z - y, z = -z + 4*y + 204. What is the remainder when z is divided by 24?
20
Suppose -l + 4*p + 16 = 0, -3*p = -l - 0*l + 14. Suppose -19 + l = -u. Suppose 0 = t + 4*t - 160. What is the remainder when t is divided by u?
10
Suppose -188 = -o - o. Calculate the remainder when o is divided by 24.
22
Let f(z) = -z + z - z + 7. Let o be f(0). Suppose -4*b = -1 - o. Calculate the remainder when 3 is divided by b.
1
Suppose 0 = -2*h + 8. Suppose h*v - 9 = 31. Calculate the remainder when v is divided by 4.
2
Let s(l) = l**2 + l + 1. Let h(c) = c**2 + 5. Let o(x) = h(x) - 2*s(x). Let n be o(-4). Calculate the remainder when 21 is divided by ((-2)/n)/((-1)/(-30)).
9
Let v(j) = j**2 + 3*j - 6. Let t be v(-6). Let w = 7 + t. What is the remainder when w is divided by 10?
9
Let d = 522 + -301. Calculate the remainder when d is divided by 16.
13
Let a(r) = -2*r + 8. Let n be a(-11). Suppose 0*b - n = -3*b. What is the remainder when 28 is divided by b?
8
Suppose 0 = -4*o + 5*u + 68, -3*o + 24 = u - 46. Calculate the remainder when 107 is divided by o.
19
Let p(x) = -x**3 - 5*x**2 + 4*x - 3. Let o be p(-6). Let w = o - 21. Let z = -5 - w. What is the remainder when z is divided by 3?
1
Let h(a) = -5*a + 134. Calculate the remainder when h(0) is divided by 35.
29
Let p(f) = -f**2 - 9*f - 9. Let c be p(-6). Let g(u) = -u**2 + 12*u - 8. Calculate the remainder when g(c) is divided by 10.
9
Let m(o) = -o + 5. Let f(a) = -3*a + 11. Let b(k) = 3*f(k) - 7*m(k). What is the remainder when b(-11) is divided by 7?
6
Let c = 9 - 1. What is the remainder when c is divided by 6?
2
Suppose -4*q + 7*q + 3 = 4*d, 6 = 2*q. Suppose 2*z - 3*b + 6*b - 30 = 0, b + 45 = d*z. What is the remainder when z is divided by 8?
7
Let k(l) = -2*l + 7. Suppose 0 = -2*y + 10, -6*y + 40 = -5*b - 4*y. Suppose -9 = -h + 1. Calculate the remainder when k(b) is divided by h.
9
What is the remainder when 70 is divided by 2/(-6) - 988/(-39)?
20
Let o = -17 + 27. Calculate the remainder when 46 is divided by o.
6
Let m = 9 + -2. Suppose 5 + m = 2*u. Calculate the remainder when u is divided by 4.
2
Suppose 5*o = -d + 19, -3*o = d - 6*o + 13. Let u be 3*(d + 15/9). Suppose x = -u*x + 39. What is the remainder when 25 is divided by x?
12
What is the remainder when 17 is divided by 0 + 3 - (-1 + -5)?
8
Let w = 2 - 5. Let i be 4/(-1)*(w - -5). Let v(o) = o**2 + 5*o - 11. What is the remainder when v(i) is divided by 7?
6
Let n = -63 + 80. Let r = 8 - 3. Calculate the remainder when n is divided by r.
2
Suppose 2*f - 3 = 1. Suppose -f*k = 3*k - 15. Suppose k*s = -0*s + 9. What is the remainder when 7 is divided by s?
1
Let v(o) = -o**3 - 8*o**2 - 7*o. Let n be v(-7). Suppose -4 + n = -q. Let p(f) = -f**3 + 3*f**2 + 2*f + 4. Calculate the remainder when p(3) is divided by q.
2
What is the remainder when 20 is divided by ((-5)/(-3))/(-5) - 111/(-9)?
8
Suppose -6*q + 257 + 211 = 0. Calculate the remainder when q is divided by 23.
9
Let q = 117 - 75. Suppose -2*f = 2*f + 3*r - 100, r - 26 = -f. Calculate the remainder when q is divided by f.
20
Suppose -2*f - 16 = -0. Suppose 2 = -2*d + 12. What is the remainder when (-83)/(-5) + f/(-20) is divided by d?
2
Suppose -5*l + 300 = n, -3*l + 194 = -4*n + 14. Suppose -5*p = 2*t - l, 46 = 3*p + p + 2*t. Calculate the remainder when p is divided by 4.
2
Suppose y = 3*y - 10. What is the remainder when -3 + -4*(1 - y) is divided by 7?
6
Calculate the remainder when 51 is divided by 1 + 3 + (8 - -1).
12
Let l = 34 + -25. Calculate the remainder when 26 is divided by l.
8
Let c = 6 - 10. Let n = 6 - c. Calculate the remainder when (-77)/(-4) - (-2)/(-8) is divided by n.
9
Let i(h) = -2*h + 111. Calculate the remainder when i(18) is divided by 9.
3
Suppose -o + 4 - 5 = 0, 71 = 4*k - 3*o. Suppose -4*w = 0, -w - 66 = -5*g + 94. Calculate the remainder when g is divided by k.
15
Let f = -85 - -167. Let a = -55 + f. Suppose -5*p + 7 = -63. Calculate the remainder when a is divided by p.
13
Suppose -a - 2*a + 73 = f, 4*f - 5*a = 309. What is the remainder when f is divided by 26?
24
Suppose 0 = 2*c + 2*c. Suppose 2*x - 25 = -c*x + 5*n, 33 = 2*x + 3*n. Let y(r) = 5*r - 6. Calculate the remainder when y(7) is divided by x.
14
Let t(q) = 3*q**2 - 3*q - 2. Let u be t(-3). Suppose 2*m = -a + 12, 5*m - u = -5*a + 16. Calculate the remainder when 30 is divided by a.
6
Let r = 42 - 5. What is the remainder when r is divided by (-7)/((-21)/30) + 0?
7
Calculate the remainder when (-273)/6*(-4 + 0 - 0) is divided by 46.
44
Let t(f) = f + 40. Let c = -2 + 2. Calculate the remainder when t(c) is divided by 14.
12
Suppose -2*d = -7 - 1. Suppose -d*s + 8 = -0*s. What is the remainder when 5 is divided by s?
1
Suppose 5*x = 4*p - 0*p + 73, -5*x = p - 63. Suppose -106 - 79 = 5*b. What is the remainder when (0/(-1) + -1)*b is divided by x?
11
Suppose -5*l = 2*t - 33, -3*l + 3*t = 2*t - 11. Suppose 0 = l*p - 4*f - 41, -2*f - 13 = -p - 6. Calculate the remainder when 16 is divided by p.
7
Let u be -6 - (-3 - 0) - -3. Suppose u = 5*o + 16 - 111. What is the remainder when o is divided by 7?
5
Suppose 101 = 4*a + f, 3*a - 7*a - 2*f = -106. Calculate the remainder when 71 is divided by a.
23
Let a = 138 + -133. What is the remainder when 42 is divided by a?
2
Let g(v) = 2*v**2 - 3*v - 5. Suppose 6*x + 0 = 96. What is the remainder when g(5) is divided by x?
14
Let q = 88 + -60. Calculate the remainder when q is divided by 10.
8
Let k(b) = b**3 + 10*b**2 - 2*b + 11. Let n be k(-10). Suppose y - 2*y = -n. What is the remainder when 60 is divided by y?
29
Let g(q) = 25*q**2 - q. Calculate the remainder when g(-1) is divided by 9.
8
Let d = 113 + -54. Calculate the remainder when d is divided by 30.
29
Suppose 0 = 5*f - 0*s + 3*s - 161, 6 = -2*s. What is the remainder when f is divided by 8?
2
Suppose 0 = -q - 2*x + 11, -q = -2*q + x + 5. Let h(l) = l**3 + 5*l**2 - l - 3. Let s be h(-5). Let i = 3 + s. Calcu